culate the remainder when 8818718 is divided by 40.
38
Calculate the remainder when 2490752 is divided by 91.
82
What is the remainder when 15936 is divided by 6268?
3400
Calculate the remainder when 30084 is divided by 530.
404
What is the remainder when 36011641 is divided by 2612?
2609
Calculate the remainder when 675979 is divided by 675932.
47
Calculate the remainder when 17373710 is divided by 14711.
19
Calculate the remainder when 90166445 is divided by 390.
5
Calculate the remainder when 25003470 is divided by 25003404.
66
Calculate the remainder when 124621 is divided by 123544.
1077
What is the remainder when 6262265 is divided by 1658?
1657
What is the remainder when 140046 is divided by 803?
324
What is the remainder when 9196010 is divided by 4180?
10
What is the remainder when 2516461 is divided by 419408?
13
Calculate the remainder when 131167 is divided by 42.
1
Calculate the remainder when 549708 is divided by 1598.
1594
What is the remainder when 670884 is divided by 1659?
648
Calculate the remainder when 1332060 is divided by 95146.
16
What is the remainder when 691328 is divided by 687715?
3613
Calculate the remainder when 1048772 is divided by 835.
12
Calculate the remainder when 4292 is divided by 115.
37
Calculate the remainder when 1834503 is divided by 305749.
9
What is the remainder when 2638406 is divided by 754?
160
What is the remainder when 19383698 is divided by 149?
139
Calculate the remainder when 82959165 is divided by 9217681.
36
What is the remainder when 463528 is divided by 4548?
4180
Calculate the remainder when 2655939 is divided by 25.
14
What is the remainder when 38906 is divided by 9588?
554
What is the remainder when 2431634 is divided by 22725?
59
Calculate the remainder when 249736148 is divided by 83245382.
2
Calculate the remainder when 412349 is divided by 4284.
1085
What is the remainder when 2169840 is divided by 501?
9
What is the remainder when 123057596 is divided by 20?
16
What is the remainder when 164342 is divided by 174?
86
Calculate the remainder when 583106462 is divided by 21.
8
Calculate the remainder when 62375789 is divided by 79.
75
Calculate the remainder when 79876056 is divided by 6544.
6536
Calculate the remainder when 24274893 is divided by 50.
43
Calculate the remainder when 1224099 is divided by 172.
147
What is the remainder when 24147824 is divided by 8049260?
44
What is the remainder when 3664628 is divided by 151?
9
Calculate the remainder when 50246 is divided by 9446.
3016
What is the remainder when 115619 is divided by 114057?
1562
Calculate the remainder when 92845 is divided by 481.
12
What is the remainder when 4913740 is divided by 597?
430
Calculate the remainder when 920656 is divided by 5151.
3778
What is the remainder when 3800422 is divided by 301?
297
Calculate the remainder when 42663 is divided by 6039.
390
Calculate the remainder when 198661550 is divided by 18.
14
What is the remainder when 4695424 is divided by 10869?
16
Calculate the remainder when 88779318 is divided by 40.
38
What is the remainder when 21305116 is divided by 111?
109
Calculate the remainder when 5219512 is divided by 347963.
67
Calculate the remainder when 486801 is divided by 243326.
149
What is the remainder when 130677076 is divided by 2406?
2404
What is the remainder when 12749691 is divided by 53570?
31
What is the remainder when 100069 is divided by 10457?
5956
Calculate the remainder when 3003134 is divided by 250259.
26
What is the remainder when 4465 is divided by 188?
141
What is the remainder when 78407 is divided by 767?
173
Calculate the remainder when 135551 is divided by 1076.
1051
Calculate the remainder when 31695389 is divided by 1155.
1034
What is the remainder when 70185 is divided by 271?
267
What is the remainder when 6085251 is divided by 16056?
27
What is the remainder when 24076953 is divided by 186?
183
What is the remainder when 731676637 is divided by 32?
29
Calculate the remainder when 18460 is divided by 2598.
274
What is the remainder when 207979798 is divided by 1050?
1048
What is the remainder when 40245283 is divided by 485?
468
Calculate the remainder when 33467145 is divided by 174308.
9
What is the remainder when 497698 is divided by 70236?
6046
What is the remainder when 800509 is divided by 5252?
2205
What is the remainder when 1049395 is divided by 273?
256
What is the remainder when 18046686 is divided by 352?
350
Calculate the remainder when 252704557 is divided by 2356.
2353
What is the remainder when 594540558 is divided by 198180180?
18
What is the remainder when 29397721 is divided by 42?
31
What is the remainder when 2084420 is divided by 192?
68
Calculate the remainder when 25643134 is divided by 516.
514
Calculate the remainder when 351251519 is divided by 4288.
4287
Calculate the remainder when 2808148 is divided by 1113.
49
What is the remainder when 173145 is divided by 1332?
1317
Calculate the remainder when 8634426 is divided by 118.
12
What is the remainder when 2644292 is divided by 436?
388
What is the remainder when 1181019 is divided by 107362?
37
Calculate the remainder when 214549 is divided by 30644.
41
What is the remainder when 11363208 is divided by 63?
24
What is the remainder when 49610 is divided by 32?
10
Calculate the remainder when 564903 is divided by 11.
9
Calculate the remainder when 71238 is divided by 3231.
156
What is the remainder when 4790954 is divided by 80?
74
Calculate the remainder when 380401 is divided by 27154.
245
What is the remainder when 1268718 is divided by 32520?
438
What is the remainder when 2965670 is divided by 1482834?
2
What is the remainder when 762080 is divided by 126625?
2330
What is the remainder when 41682897 is divided by 655?
7
Calculate the remainder when 544266 is divided by 90668.
258
What is the remainder when 1045692 is divided by 3256?
516
What is the remainder when 2252088 is divided by 17?
13
Calculate the remainder when 916736 is divided by 425.
11
What is the remainder when 46652138 is divided by 382?
6
Calculate the remainder when 1105062 is divided by 660.
222
What is the remainder when 680936 is divided by 75463?
1769
Calculate the remainder when 2632986 is divided by 934.
40
Calculate the remainder when 152581 is divided by 240.
181
Calculate the remainder when 277534 is divided by 13.
10
Calculate the remainder when 298304098 is divided by 6499.
6497
What is the remainder when 11068 is divided by 10514?
554
What is the remainder when 10881875 is divided by 83?
77
What is the remainder when 81783912 is divided by 6?
0
Calculate the remainder when 49856 is divided by 24869.
118
Calculate the remainder when 278383 is divided by 18558.
13
Calculate the remainder when 89438972 is divided by 8358.
14
Calculate the remainder when 1726863 is divided by 1261.
554
Calculate the remainder when 115560 is divided by 5799.
5379
What is the remainder when 30469129 is divided by 2074?
2069
Calculate the remainder when 8555 is divided by 5143.
3412
What is the remainder when 33514 is divided by 3952?
1898
What is the remainder when 215911 is divided by 30449?
2768
Calculate the remainder when 205412 is divided by 758.
752
What is the remainder when 2154853 is divided by 1376?
37
What is the remainder when 25659 is divided by 292?
255
What is the remainder when 147713703 is divided by 302692?
7
What is the remainder when 806982 is divided by 845?
7
Calculate the remainder when 73907165 is divided by 10558163.
24
Calculate the remainder when 310781 is divided by 3883.
141
Calculate the remainder when 1305442 is divided by 326303.
230
Calculate the remainder when 75629 is divided by 5402.
1
Calculate the remainder when 2130326 is divided by 236.
190
What is the remainder when 476644 is divided by 139?
13
Calculate the remainder when 928226 is divided by 385.
376
What is the remainder when 170591 is divided by 1115?
1111
What is the remainder when 14714607 is divided by 365?
362
What is the remainder when 942241 is divided by 56?
41
Calculate the remainder when 8646204 is divided by 1395.
1389
What is the remainder when 333133 is divided by 190?
63
Calculate the remainder when 2141754 is divided by 11332.
6
Calculate the remainder when 624510 is divided by 62451.
0
Calculate